 906 a factor of 8209161?
False
Is 350180 a multiple of 313?
False
Does 305 divide 201300?
True
Is 8 a factor of 44864?
True
Is 65 a factor of 351270?
False
Does 33 divide 15804762?
False
Is 75 a factor of 185730?
False
Is 4376594 a multiple of 10?
False
Is 21691912 a multiple of 484?
True
Is 577 a factor of 193685?
False
Does 14 divide 701726?
False
Is 13738 a multiple of 47?
False
Is 90889 a multiple of 444?
False
Is 711441 a multiple of 16?
False
Does 12 divide 11037552?
True
Is 123234 a multiple of 47?
True
Is 2 a factor of 29355?
False
Is 29645 a multiple of 245?
True
Is 5921715 a multiple of 73?
False
Does 508 divide 281852?
False
Does 8 divide 643504?
True
Is 252 a factor of 128016?
True
Does 167 divide 1018366?
True
Is 198 a factor of 395145?
False
Is 17494 a multiple of 25?
False
Is 4383756 a multiple of 204?
True
Is 500437 a multiple of 285?
False
Is 19956 a multiple of 77?
False
Does 90 divide 5242596?
False
Is 17983 a multiple of 2?
False
Does 18 divide 1060884?
True
Is 105841 a multiple of 77?
False
Is 179 a factor of 3931378?
False
Does 9 divide 1834187?
False
Does 89 divide 176932?
True
Does 78 divide 199128?
False
Is 442 a factor of 9724?
True
Is 62 a factor of 87234?
True
Is 3 a factor of 26259?
True
Is 444906 a multiple of 27?
True
Does 181 divide 1513341?
True
Is 300827 a multiple of 10?
False
Does 161 divide 129766?
True
Is 502 a factor of 16692229?
False
Is 104 a factor of 149529?
False
Is 11 a factor of 119160?
False
Is 49 a factor of 79037?
True
Is 368 a factor of 20592?
False
Is 8 a factor of 403619?
False
Is 34 a factor of 102991?
False
Is 21 a factor of 11594628?
False
Does 15 divide 4459215?
True
Does 203 divide 6308338?
False
Does 127 divide 206368?
False
Does 72 divide 6480?
True
Is 53 a factor of 75182?
False
Is 181 a factor of 229327?
True
Does 115 divide 6265085?
True
Is 328440 a multiple of 184?
True
Does 274 divide 247970?
True
Is 195 a factor of 17168?
False
Does 41 divide 27880?
True
Is 66 a factor of 757130?
False
Is 88464 a multiple of 19?
True
Is 582672 a multiple of 240?
False
Does 201 divide 5205900?
True
Does 261 divide 2218?
False
Does 3 divide 24938?
False
Is 81 a factor of 127641?
False
Is 362362 a multiple of 154?
True
Is 56 a factor of 271324?
False
Is 244588 a multiple of 94?
True
Does 1222 divide 4787530?
False
Is 256775 a multiple of 13?
False
Is 11 a factor of 209408?
False
Is 3193 a multiple of 31?
True
Does 596 divide 4842481?
False
Is 1673998 a multiple of 55?
False
Is 7 a factor of 1258843?
False
Does 32 divide 389938?
False
Is 118 a factor of 648646?
True
Does 5 divide 94431?
False
Does 3 divide 614175?
True
Is 6 a factor of 1440984?
True
Is 13385977 a multiple of 157?
True
Is 311 a factor of 219812?
False
Does 88 divide 505648?
True
Does 173 divide 459887?
False
Does 730 divide 6491866?
False
Is 5390571 a multiple of 47?
True
Is 965463 a multiple of 237?
False
Does 47 divide 66364?
True
Is 2 a factor of 766842?
True
Does 28 divide 205268?
True
Does 472 divide 11982207?
False
Is 371412 a multiple of 4?
True
Is 205 a factor of 1241890?
True
Is 11 a factor of 33253?
True
Does 10 divide 443611?
False
Is 125 a factor of 3090125?
True
Is 554190 a multiple of 58?
True
Is 88 a factor of 48261?
False
Is 63759 a multiple of 5?
False
Does 76 divide 2085364?
True
Is 11 a factor of 179489?
False
Is 33 a factor of 2755830?
True
Is 1242604 a multiple of 124?
True
Is 531121 a multiple of 116?
False
Does 11 divide 22782683?
True
Is 26 a factor of 105133?
False
Is 281 a factor of 4409452?
True
Does 1013 divide 5002480?
False
Does 94 divide 5047203?
False
Is 8974014 a multiple of 535?
False
Is 505490 a multiple of 12?
False
Is 17698396 a multiple of 71?
False
Is 618744 a multiple of 12?
True
Is 38 a factor of 129522?
False
Is 3598139 a multiple of 158?
False
Is 2359146 a multiple of 309?
False
Does 913 divide 11188967?
False
Is 3216236 a multiple of 460?
False
Is 754416 a multiple of 117?
True
Is 16 a factor of 46704?
True
Is 302 a factor of 2548578?
True
Is 1428639 a multiple of 36?
False
Is 1787580 a multiple of 20?
True
Is 328499 a multiple of 26?
False
Is 73 a factor of 20175823?
False
Does 18 divide 132750?
True
Does 814 divide 496540?
True
Is 766 a factor of 7968002?
False
Is 6395675 a multiple of 325?
True
Does 15 divide 33729622?
False
Is 1558218 a multiple of 37?
True
Does 30 divide 22380?
True
Is 119 a factor of 244902?
True
Is 1752 a factor of 5313816?
True
Is 27 a factor of 2216596?
False
Does 42 divide 1422078?
True
Does 10 divide 1309832?
False
Is 58965 a multiple of 20?
False
Is 21708 a multiple of 162?
True
Is 1053010 a multiple of 614?
True
Is 1172910 a multiple of 15?
True
Does 231 divide 449988?
True
Does 100 divide 373500?
True
Is 34 a factor of 297024?
True
Does 143 divide 649506?
True
Does 51 divide 1561274?
False
Is 7 a factor of 602794?
False
Is 3 a factor of 1032993?
True
Is 16828 a multiple of 129?
False
Does 14 divide 86058?
True
Is 37 a factor of 662733?
False
Is 7271900 a multiple of 90?
False
Is 79 a factor of 207849?
True
Is 44375 a multiple of 2?
False
Is 576 a factor of 528192?
True
Is 202924 a multiple of 388?
True
Does 319 divide 119306?
True
Is 40177 a multiple of 15?
False
Does 182 divide 12779534?
False
Does 44 divide 134285?
False
Is 189 a factor of 6807015?
False
Is 300389 a multiple of 80?
False
Is 61 a factor of 43565?
False
Is 7128100 a multiple of 700?
True
Does 138 divide 1476324?
True
Is 47 a factor of 63450?
True
Does 137 divide 254683?
True
Is 617 a factor of 7643571?
False
Is 1095300 a multiple of 10?
True
Is 645300 a multiple of 5?
True
Does 303 divide 229509?
False
Is 355409 a multiple of 293?
True
Is 1234883 a multiple of 169?
True
Does 5 divide 148325?
True
Does 37 divide 3552140?
False
Is 7 a factor of 222754?
True
Is 144033 a multiple of 58?
False
Is 59 a factor of 84806?
False
Does 82 divide 568342?
True
Is 19 a factor of 356801?
True
Is 136 a factor of 2840347?
False
Is 16906008 a multiple of 1045?
False
Does 4 divide 705624?
True
Does 10 divide 41760?
True
Is 131 a factor of 248629?
False
Does 62 divide 1466980?
False
Is 531874 a multiple of 124?
False
Is 106295 a multiple of 185?
False
Is 20 a factor of 1987760?
True
Is 75 a factor of 2972175?
True
Is 1661548 a multiple of 28?
True
Is 92256 a multiple of 87?
False
Is 47 a factor of 382804?
False
Does 50 divide 329480?
False
Is 421190 a multiple of 77?
True
Is 2740955 a multiple of 1248?
False
Is 477212 a multiple of 347?
False
Is 12751943 a multiple of 31?
True
Does 15 divide 323250?
True
Does 109 divide 1001022?
False
Is 90 a factor of 57885?
False
Is 785 a factor of 3264030?
True
Is 2854592 a multiple of 26?
True
Does 91 divide 696878?
True
Is 2019603 a multiple of 13?
False
Is 2714256 a multiple of 292?
False
Does 3 divide 1341875?
False
Is 132416 a multiple of 64?
True
Is 1034040 a multiple of 422?
False
Does 15 divide 291240?
True
Is 400250 a multiple of 5?
True
Does 75 divide 308355?
False
Is 2 a factor of 943934?
True
Does 26 divide 12066314?
True
Does 120 divide 186433?
False
Is 258 a factor of 14559368?
False
Is 116 a factor of 304838?
False
Is 171779 a multiple of 19?
True
Is 80 a factor of 138980?
False
Does 61 divide 71990?
False
Is 856 a factor of 1162448?
True
Does 646 divide 11528516?
True
Is 1470972 a multiple of 61?
False
Is 8 a factor of 814385?
False
Is 553969 a multiple of 187?
False
Is 261924 a multiple of 438?
True
Is 81 a factor of 1290249?
True
Is 146110 a multiple of 8?
False
Does 15 divide 119610?
True
Is 974295 a multiple of 5?
True
Is 171265 a multiple of 125?
False
Is 42 a factor of 629781?
False
Is 65 a factor of 158730?
True
Is 376 a factor of 220309?
False
Does 39 divide 15226848?
True
Does 23 divide 223008?
True
Is 1370516 a multiple of 152?
False
Is 26 a factor of 774259?
False
Does 268 divide 561011?
False
Is 181 a factor of 223897?
True
Is 1613348 a multiple of 22?
True
Is 280035 a multiple of 381?
True
Is 124 a factor of 104656?
True
Is 33852 a multiple of 273?
True
Is 200 a factor of 97000?
True
Is 13 a factor of 72105?
False
Does 125 divide 569500?
True
Is 968202 a multiple of 18?
True
Is 74 a factor of 767454?
True
Is 8100795 a multiple of 508?
False
Is 16 a factor of 721292?
False
Does 32 divide 159916?
False
Does 12 divide 761748?
True
Does 8 divide 14